of s?
True
Let b(r) = -4*r**3 - 14*r**2 + 22*r + 8. Let q(m) = 3*m**3 + 9*m**2 - 15*m - 5. Let z(i) = -5*b(i) - 7*q(i). Is 10 a factor of z(5)?
True
Suppose -46 - 34 = -5*q. Suppose -3*f + q = f, 5*f = 4*c - 36. Does 4 divide c?
False
Suppose 3*h - 728 = -4*h. Does 26 divide h?
True
Suppose 2*u + 0*u = 42. Is 12 a factor of u?
False
Let q be ((-2)/4)/(2/(-8)). Let l(t) = 7*t**2 - 2*t + 2. Let o be l(q). Suppose 0*s - o = -s. Does 13 divide s?
True
Let g(u) = 2*u**3 - 3*u**2 + 2*u + 17. Let y(o) = -3*o**3 + 5*o**2 - 3*o - 26. Let w(c) = 8*g(c) + 5*y(c). Is 3 a factor of w(0)?
True
Suppose -5*v + 2*v - 51 = 0. Let k = v + 73. Is 21 a factor of k?
False
Suppose 0 = -3*n + 5 + 4. Suppose 2 + 7 = n*f. Suppose 5*v - f = 4*v. Does 2 divide v?
False
Let h be 2/(-8) + 75/12. Does 6 divide (-4)/h + (-40)/(-6)?
True
Suppose -2*h = h. Suppose 5*l - 113 - 77 = h. Is l a multiple of 14?
False
Let l(t) = -t**3 - 7*t**2 - 5*t - 2. Let s be l(-6). Let d = 12 + s. Is d a multiple of 2?
True
Suppose -13 + 6 = -s. Is (-3 + -1)*(s + -8) even?
True
Let j = 9 + -2. Suppose 2*b - 126 = j*k - 2*k, 0 = b - k - 60. Is 25 a factor of b?
False
Let a = 9 - 21. Let f = -4 - a. Suppose -4*v - 32 = -4*h, -5*h + 32 + f = -3*v. Does 5 divide h?
False
Let y = 7 + -5. Suppose -4*a + 292 = 4*g, a - y*g = -4*a + 400. Is a a multiple of 26?
True
Suppose 0 = 4*b - 0*b + 16. Is 17 a factor of b/2 + (-100)/(-2)?
False
Suppose m + 6 = 4*a + 2*m, 4*m = 2*a - 12. Suppose -5*b - 6 = a*l - 55, 62 = 3*l - 4*b. Does 22 divide l?
True
Is ((-12)/(-9))/((-8)/(-132)) a multiple of 4?
False
Suppose -2*p + 0*p = 4*d - 166, -2*d + 68 = -4*p. Is 8 a factor of d?
True
Let w be ((-2)/(-8))/(2/40). Suppose 6 = r - w. Is 3 a factor of r?
False
Let t(z) be the second derivative of z**4/12 - 5*z**3/6 + 3*z. Is t(6) even?
True
Let u = 12 + -23. Let r = u + 21. Does 5 divide r?
True
Let g(k) = -k**2 + k + 3. Let r be g(0). Suppose 2*q - r = q. Suppose 35 = q*w + 5. Is 5 a factor of w?
True
Let x(c) = 3*c + 49. Is 7 a factor of x(9)?
False
Let n(o) = 4*o**2 + 2*o - 8. Let v(q) = 9*q**2 + 3*q - 16. Suppose 2*p = 4*p + 6. Let k(b) = p*v(b) + 7*n(b). Is k(-8) a multiple of 8?
True
Suppose -2 = -2*k - 0. Is k/(-2*(-1)/10) a multiple of 4?
False
Suppose -68 = -p + 5*c, 5*c - 6 = -1. Does 16 divide p?
False
Let g(h) = -h**3 - 8*h**2 - 18*h. Does 25 divide g(-8)?
False
Let l = 21 + 32. Let m be 42*(4 - (-88)/(-28)). Let p = l - m. Is 7 a factor of p?
False
Suppose 0 = -4*b + 3*b + 4*y - 8, -4*b - 32 = -5*y. Is 3 a factor of 312/32 - 2/b?
False
Let x = -12 - -47. Let m = -24 + x. Is 9 a factor of m?
False
Let q = 143 + -65. Suppose 0 = 3*o - 30 - q. Is o a multiple of 11?
False
Let y be (-1)/2 + 615/30. Suppose 2*g = g + y. Is 13 a factor of g?
False
Let t = -46 + 111. Let x = t + -31. Is 17 a factor of x?
True
Let m be 3/(0 - 2/(-24)). Suppose -3*a = -a - 16. Does 5 divide a/m + 212/18?
False
Let y = -80 + 51. Let n = -15 - y. Is n a multiple of 14?
True
Let i(u) = -3 + 2 - 2*u + 1. Let z be i(-5). Is 2/z - 312/(-15) a multiple of 14?
False
Let p be 1*(2 + 2 + 3). Suppose 49 = 3*b + p. Does 4 divide b?
False
Suppose 2*k - 4*v = -8*v + 36, 2 = -2*v. Does 5 divide k?
True
Suppose -w + 593 = 2*k, -2*k - 4*w - 1450 = -7*k. Is 14 a factor of k?
True
Let r(f) = -f**3 + 7*f**2 + f - 8. Let l be r(6). Let z = -18 + l. Is 11 a factor of z?
False
Let n(d) = -7*d + 22. Is 42 a factor of n(-8)?
False
Suppose -2 = -b, -5*c = -3*b - 5 + 1. Let t be c/5 + (-474)/10. Let v = 75 + t. Does 14 divide v?
True
Let z(l) = -l**3 - 4*l**2 - 6*l - 4. Let x = -7 + 12. Suppose -4 = -x*b - 24. Does 14 divide z(b)?
False
Let u(g) = -g + 8. Let j(b) = -2*b**2 - b + 1. Let p be j(2). Is u(p) a multiple of 4?
False
Suppose 5*y - 4 = h, 2*y - h + 0 = 4. Let v = y + -2. Is 8 a factor of (-4 + -2 + v)*-1?
True
Let u = -12 - -1. Let z = 27 + u. Is 7 a factor of z?
False
Is 32 a factor of (1 - -76 - 2) + -8 + 10?
False
Let j(z) = -3*z**3 + 6*z**2 + z - 10. Let q(g) = 4*g**3 - 5*g**2 + 11. Let k(l) = 5*j(l) + 4*q(l). Does 36 divide k(-6)?
True
Let c = -87 + 140. Is c even?
False
Suppose -o - o = 92. Let y = o - -64. Does 9 divide y?
True
Let i = -5 + 5. Let q(n) = 4*n + i*n + n - 4 - 2*n. Is q(6) a multiple of 6?
False
Suppose 3 = -y - 2, -642 = -4*s - 2*y. Is s a multiple of 32?
False
Suppose b = -4*i + 103, -i - 13 = -2*i + 4*b. Does 10 divide i?
False
Let i(x) = x**2 - 2*x - 12. Let n be i(5). Suppose 41 = 5*g - 4*q, 0 = g + g - 5*q - 30. Suppose 0*w = g*l - n*w - 226, 3*w - 38 = -l. Is 18 a factor of l?
False
Suppose -g = -3*n + 12, 7 = -5*g - 8. Suppose -2 = -n*t + 4. Does 15 divide t*1/(-2) - -16?
True
Let s(j) = 2*j**3 - 9*j**2 - j + 8. Is 22 a factor of s(6)?
True
Let g(a) = a - 1 - 4*a**3 + 3*a**3 - 3*a**3 + 3*a**3 + 3*a**2. Let c be g(3). Suppose -2*s = 3*u - 20, -c*s = -0*u + 2*u - 14. Is 3 a factor of u?
True
Is 10 a factor of 11*(0/1 - (-7 + -3))?
True
Let z = 44 - -32. Let a = z + -25. Does 17 divide a?
True
Suppose 11*r = 6*r + 345. Is r a multiple of 23?
True
Let l = -120 + 388. Is l a multiple of 49?
False
Let r(h) = 24*h + 4. Let f(g) = 23*g + 5. Let z(i) = -3*f(i) + 4*r(i). Suppose 0 = l - 2 + 1. Is z(l) a multiple of 14?
True
Suppose 5*c - 13 = 3*o, -4*c + 2*o + 0*o = -10. Suppose 46 = c*n + 16. Suppose 0 = -3*p + 9 + n. Does 3 divide p?
False
Suppose 404 = -n + 2*n - 4*b, -2*b + 8 = 0. Is 20 a factor of (-2)/(-4) + n/8?
False
Does 13 divide (-3 + 4)*1 + 103?
True
Let q = -19 + 23. Is 11 a factor of (2/q)/(2/264)?
True
Suppose -z - 3*n + 8 = 0, 3*z + 2*n + 0 = 10. Let k be (70/15)/(z/(-12)). Let a = -13 - k. Is a a multiple of 9?
False
Suppose 0 = -o - 4*h + 40, 0*h = -5*o + 5*h + 225. Is 22 a factor of o?
True
Let s = 271 - 162. Is s a multiple of 16?
False
Suppose 486 = -11*w + 17*w. Is w a multiple of 9?
True
Let i = 178 - 88. Is 10 a factor of i?
True
Let n(w) = 2*w**2 + 7*w - 9. Suppose 4*c + 37 = -3*o + 12, -2*o = 2*c + 14. Let f = -3 + c. Does 12 divide n(f)?
False
Let z be (1 - (-1 - -2))/2. Suppose z = -l + 5*p + 31, -1 = -2*l - 2*p + 1. Is 3 a factor of l?
True
Let x be (-180)/(-42) - (-4)/(-14). Suppose 4*q - 188 = c, -5*q - 36 + 282 = -x*c. Is q a multiple of 13?
False
Let z = 9 - -3. Is z a multiple of 4?
True
Let j be 9/5 - (-32)/(-40). Let v = 16 - j. Is v a multiple of 15?
True
Let o = -12 + 26. Is o a multiple of 5?
False
Let t(z) = -z**2 + 5*z - 6. Let b be t(5). Let q(y) = -2*y + 4. Let n be q(-3). Let f = b + n. Does 2 divide f?
True
Let h be 212 + (-1 - 2) + 1. Let x be h*(9/6 - 1). Suppose -5*z + x = 5*u - u, 0 = 3*z + u - 63. Is 13 a factor of z?
False
Suppose 5*i + n - 94 = 349, -85 = -i + n. Does 10 divide i?
False
Suppose -3*d - 2*k - 1 = -5, 3*d = -5*k - 8. Suppose -3*b = -j + 126 + 17, -627 = -d*j + b. Suppose 0 = -2*m + 3 + 3, 5*f = 4*m + j. Is f a multiple of 14?
False
Let g(b) = -b**2 - 3*b + 1. Let j be g(-2). Suppose -3 = j*z - 18. Suppose z*c = -3*d + 104 + 9, -3*c - d = -67. Is c a multiple of 11?
True
Let x(o) = 11 - o**2 - 2 - 3 + 5*o. Is 6 a factor of x(5)?
True
Let r(z) = -z**2 + 10*z - 2. Is 6 a factor of r(6)?
False
Let y(i) = 4*i**3 - 3*i**2 + i + 46. Let l(m) = 7*m**3 - 5*m**2 + 2*m + 91. Let u(t) = 3*l(t) - 5*y(t). Is u(0) a multiple of 19?
False
Let s = -111 - -147. Does 18 divide s?
True
Let n(u) = 11*u**3 - 2*u**2 - 10*u + 3. Let r(l) = -5*l**3 + l**2 + 5*l - 1. Let c(a) = -4*n(a) - 9*r(a). Let p be c(4). Let f = p - 13. Is 4 a factor of f?
True
Suppose -4*t = -3*t - 105. Does 17 divide t?
False
Suppose -3*c + 2*c = -10. Let k(h) = 7 + 6*h + 4 - c - h. Is k(4) a multiple of 21?
True
Let w(u) = -9*u + 1. Let l(f) = 8*f - 1. Let m = -5 - 1. Let c(j) = m*l(j) - 5*w(j). Is 19 a factor of c(-6)?
True
Suppose 0*i + 5*i - 80 = 0. Is i a multiple of 8?
True
Let w = -6 - -33. Is 10 a factor of w?
False
Let q = 1 - 0. Suppose -o + q + 4 = 0. Suppose o*l - 88 = -3. Is 9 a factor of l?
False
Suppose 38 = 2*p + 3*a - 122, 0 = a. Let l be 7*(-1)/(1 + -2). Suppose 2*k + p = l*k. Does 7 divide k?
False
Let q(o) be the first derivative of o**3/3 - 7*o**2/2 + 8*o + 10. Is 19 a factor of q(10)?
True
Let u = 9 + -6. Does 3 divide u?
True
Suppose -5*z - 3*j + 330 = 2*j, -j = 3*z - 192. Does 24 divide z?
False
Suppose -3*f + m = -15, -5*m = 2*f - 0*f + 7. Is (-3)/3*f + 16 a multiple of 12?
True
Is 23 a f